me factors of 189891951?
3, 41, 53, 29129
What are the prime factors of 87094656?
2, 3, 11, 29, 79
List the prime factors of 395116190.
2, 5, 7, 5644517
List the prime factors of 50776085.
5, 1481, 6857
List the prime factors of 7779992.
2, 11, 211, 419
List the prime factors of 23750948.
2, 13, 83, 5503
What are the prime factors of 14947163?
7, 11, 194119
What are the prime factors of 6413685631?
23, 433, 644009
What are the prime factors of 720799717?
11, 157, 417371
What are the prime factors of 45418675?
5, 23, 78989
What are the prime factors of 572925236?
2, 13, 11017793
What are the prime factors of 50094154?
2, 11, 1217, 1871
What are the prime factors of 312115105?
5, 2543, 24547
What are the prime factors of 177518810?
2, 5, 7, 2535983
List the prime factors of 2148206527.
2148206527
What are the prime factors of 1781324?
2, 223, 1997
List the prime factors of 2189847.
3, 11, 66359
List the prime factors of 12288139.
127, 96757
What are the prime factors of 8076598?
2, 17, 237547
List the prime factors of 1498622832.
2, 3, 7, 31, 199, 241
What are the prime factors of 39007821?
3, 13002607
What are the prime factors of 6017477?
6017477
What are the prime factors of 361547292?
2, 3, 29, 79, 13151
List the prime factors of 43653206.
2, 1753, 12451
List the prime factors of 94352086.
2, 47176043
What are the prime factors of 366717783?
3, 107, 1142423
What are the prime factors of 642156045?
3, 5, 17, 2518259
What are the prime factors of 373449376?
2, 11670293
What are the prime factors of 3956794?
2, 79, 317
List the prime factors of 762559953.
3, 173, 1469287
What are the prime factors of 140626839?
3, 17, 229, 12041
List the prime factors of 5983570291.
17, 351974723
What are the prime factors of 1747615482?
2, 3, 97089749
What are the prime factors of 616895416?
2, 2017, 38231
What are the prime factors of 256358408?
2, 109, 293989
What are the prime factors of 25178308?
2, 6294577
What are the prime factors of 616039305?
3, 5, 7, 61, 96181
What are the prime factors of 336583824?
2, 3, 167, 199, 211
List the prime factors of 118464151.
13, 509, 17903
List the prime factors of 2210891885.
5, 442178377
List the prime factors of 1308255431.
7, 19, 9836507
What are the prime factors of 157809719?
59, 227, 11783
What are the prime factors of 58087004?
2, 14521751
What are the prime factors of 868832882?
2, 47, 61, 151523
What are the prime factors of 26769354?
2, 3, 499, 8941
What are the prime factors of 42378778?
2, 13, 19, 6599
List the prime factors of 2083076638.
2, 1041538319
List the prime factors of 118722907.
118722907
List the prime factors of 3799868788.
2, 467, 2034191
What are the prime factors of 1264058248?
2, 158007281
What are the prime factors of 273254485?
5, 7, 19, 53, 7753
What are the prime factors of 23502529?
83, 283163
List the prime factors of 6547615.
5, 709, 1847
What are the prime factors of 6160334?
2, 3080167
List the prime factors of 264131626.
2, 11, 99223
List the prime factors of 56465247.
3, 18821749
What are the prime factors of 271159189?
7, 5533861
What are the prime factors of 397886197?
37, 10753681
List the prime factors of 810867556.
2, 359, 564671
What are the prime factors of 39306389?
39306389
What are the prime factors of 1320374608?
2, 7, 1697, 6947
What are the prime factors of 481156898?
2, 61, 1787, 2207
What are the prime factors of 2497842903?
3, 587, 1418423
What are the prime factors of 3067424627?
29, 105773263
List the prime factors of 1665409477.
29, 57427913
List the prime factors of 173837296.
2, 10864831
What are the prime factors of 1654832810?
2, 5, 165483281
List the prime factors of 268965418.
2, 134482709
List the prime factors of 142349611.
142349611
What are the prime factors of 222853972?
2, 11, 1987, 2549
List the prime factors of 22238716.
2, 127, 43777
What are the prime factors of 65948562?
2, 3, 797, 4597
What are the prime factors of 48604300?
2, 5, 486043
List the prime factors of 482515151.
97, 1051, 4733
List the prime factors of 212585682.
2, 3, 79, 383, 1171
What are the prime factors of 35858218?
2, 11, 1629919
List the prime factors of 26403714.
2, 3, 1466873
What are the prime factors of 41788118?
2, 20894059
What are the prime factors of 327661403?
19, 1423, 12119
List the prime factors of 33325739.
823, 40493
What are the prime factors of 1825392095?
5, 29, 12588911
What are the prime factors of 7597093316?
2, 1899273329
List the prime factors of 645464115.
3, 5, 14343647
List the prime factors of 44621879.
83, 197, 2729
List the prime factors of 30352204.
2, 89, 85259
What are the prime factors of 82295238?
2, 3, 127, 107999
List the prime factors of 57664306.
2, 7, 17, 73, 3319
What are the prime factors of 33966674?
2, 7, 809, 2999
List the prime factors of 195802534.
2, 5923, 16529
What are the prime factors of 1630087076?
2, 101, 4034869
List the prime factors of 13058766.
2, 3, 7, 179, 193
List the prime factors of 1402636525.
5, 19, 109, 27091
List the prime factors of 240777370.
2, 5, 61, 394717
List the prime factors of 1944477855.
3, 5, 3257, 13267
What are the prime factors of 1053183175?
5, 11, 3829757
What are the prime factors of 1695128294?
2, 4751, 178397
List the prime factors of 2372661200.
2, 5, 7, 13, 65183
List the prime factors of 53276115.
3, 5, 37, 59, 1627
What are the prime factors of 670811491?
7, 23, 4166531
List the prime factors of 531750928.
2, 33234433
List the prime factors of 78116922.
2, 3, 13, 167, 1999
List the prime factors of 69496053.
3, 11, 19, 271, 409
What are the prime factors of 204665326?
2, 103, 127, 7823
What are the prime factors of 1687173230?
2, 5, 67, 1567, 1607
List the prime factors of 256244690.
2, 5, 13, 337, 5849
What are the prime factors of 529938802?
2, 421, 629381
List the prime factors of 550689144.
2, 3, 953, 24077
List the prime factors of 116526877.
6863, 16979
List the prime factors of 19532012.
2, 4883003
What are the prime factors of 395153492?
2, 521, 189613
What are the prime factors of 233712068?
2, 58428017
List the prime factors of 2034691296.
2, 3, 11, 1926791
What are the prime factors of 260819645?
5, 52163929
List the prime factors of 5717299539.
3, 7, 2671, 101929
List the prime factors of 3854656227.
3, 23, 373, 149771
What are the prime factors of 650031310?
2, 5, 109, 467, 1277
List the prime factors of 3799155.
3, 5, 103, 2459
What are the prime factors of 1373082149?
43, 5039, 6337
List the prime factors of 64940005.
5, 13, 19, 52583
What are the prime factors of 75353666?
2, 61, 73, 8461
What are the prime factors of 1179238823?
7, 6803, 24763
List the prime factors of 324902812.
2, 13, 19, 328849
What are the prime factors of 514213497?
3, 7, 59, 19763
List the prime factors of 524587616.
2, 7, 43, 107, 509
What are the prime factors of 394535?
5, 19, 4153
What are the prime factors of 27997489?
13, 353, 6101
List the prime factors of 137450292.
2, 3, 7, 233759
List the prime factors of 106759785.
3, 5, 11, 107, 6047
What are the prime factors of 213324872?
2, 383, 69623
List the prime factors of 912703126.
2, 456351563
What are the prime factors of 916033006?
2, 7, 23, 1289, 2207
What are the prime factors of 98181335?
5, 7, 2805181
List the prime factors of 1004888100.
2, 3, 5, 179, 18713
List the prime factors of 122606194.
2, 61303097
What are the prime factors of 665004853?
193, 269, 12809
List the prime factors of 59181799.
599, 98801
What are the prime factors of 821305739?
821305739
List the prime factors of 794272781.
131, 359, 16889
What are the prime factors of 182888798?
2, 73, 1252663
List the prime factors of 19922453.
17, 139, 8431
List the prime factors of 1886780202.
2, 3, 1381, 227707
What are the prime factors of 2400188931?
3, 7, 809, 47093
What are the prime factors of 302142263?
302142263
List the prime factors of 456628913.
13, 23, 1527187
What are the prime factors of 505888170?
2, 3, 5, 16862939
List the prime factors of 320327734.
2, 103, 1554989
List the prime factors of 11443.
11443
What are the prime factors of 131732666?
2, 13, 53, 95597
What are the prime factors of 131618392?
2, 16452299
List the prime factors of 22149614.
2, 2131, 5197
List the prime factors of 359578118.
2, 17, 41, 257947
List the prime factors of 3891963825.
3, 